{"id":2189,"date":"2025-01-23T14:35:36","date_gmt":"2025-01-23T17:35:36","guid":{"rendered":"https:\/\/blackrook.com.br\/?post_type=product&#038;p=2189"},"modified":"2025-03-30T10:40:15","modified_gmt":"2025-03-30T13:40:15","slug":"gabinete-liketec-gamer-matrix-v2-rainbow-3x-fan-rainbow-frontal-e-lateral-em-vidro-psu-cover-atx","status":"publish","type":"product","link":"https:\/\/blackrook.com.br\/loja\/produto\/gabinete-liketec-gamer-matrix-v2-rainbow-3x-fan-rainbow-frontal-e-lateral-em-vidro-psu-cover-atx\/","title":{"rendered":"GABINETE LIKETEC GAMER MATRIX V2 RAINBOW (3X FAN RAINBOW\/ FRONTAL E LATERAL EM VIDRO\/ PSU COVER \/ ATX)"},"content":{"rendered":"\t\t<div data-elementor-type=\"wp-post\" data-elementor-id=\"2189\" class=\"elementor elementor-2189\" data-elementor-post-type=\"product\">\n\t\t\t\t\t\t<section class=\"elementor-section elementor-top-section elementor-element elementor-element-842a606 elementor-section-boxed elementor-section-height-default elementor-section-height-default\" data-id=\"842a606\" data-element_type=\"section\">\n\t\t\t\t\t\t<div class=\"elementor-container elementor-column-gap-no\">\n\t\t\t\t\t<div class=\"elementor-column elementor-col-50 elementor-top-column elementor-element elementor-element-c88d066\" data-id=\"c88d066\" data-element_type=\"column\">\n\t\t\t<div class=\"elementor-widget-wrap elementor-element-populated\">\n\t\t\t\t\t\t<div class=\"elementor-element elementor-element-b3cd8ff elementor-widget elementor-widget-heading\" data-id=\"b3cd8ff\" data-element_type=\"widget\" data-widget_type=\"heading.default\">\n\t\t\t\t<div class=\"elementor-widget-container\">\n\t\t\t\t\t<h2 class=\"elementor-heading-title elementor-size-default\">What\u2019s Included<\/h2>\t\t\t\t<\/div>\n\t\t\t\t<\/div>\n\t\t\t\t\t<\/div>\n\t\t<\/div>\n\t\t\t\t<div class=\"elementor-column elementor-col-50 elementor-top-column elementor-element elementor-element-3314be9\" data-id=\"3314be9\" data-element_type=\"column\">\n\t\t\t<div class=\"elementor-widget-wrap elementor-element-populated\">\n\t\t\t\t\t\t<div class=\"elementor-element elementor-element-f9b339e elementor-widget elementor-widget-text-editor\" data-id=\"f9b339e\" data-element_type=\"widget\" data-widget_type=\"text-editor.default\">\n\t\t\t\t<div class=\"elementor-widget-container\">\n\t\t\t\t\t\t\t\t\t<div id=\"esptec\" class=\"panel-collapse collapse in\" aria-expanded=\"true\"><div class=\"panel-body\"><div class=\"tecnicas\"><p><strong>Marca:<\/strong><br \/>Liketec<\/p><p><strong>Modelo:<\/strong><br \/>GAMER MATRIX V2 RAINBOW<\/p><p><strong>Cor:<\/strong><br \/>Preto\u00a0<\/p><p><strong>Fonte de alimenta\u00e7\u00e3o:<\/strong><br \/>Inferior<\/p><p><strong>Suporte placa m\u00e3e:<\/strong><br \/>M-ATX\/Mini-ITX\/ATX<\/p><p><strong>Baias:<\/strong><br \/>2x 3.5&#8243; HDD<br \/>1x 2.5&#8243;SSD<\/p><p><strong>Libera\u00e7\u00e3o:<\/strong><br \/>Suporta CPU 150mm, Placa de v\u00eddeo 280mm<\/p><p><strong>Slot PCI:<\/strong><br \/>7\u00a0<\/p><p><strong>Painel lateral e frontal:<\/strong><br \/>Vidro temperado\u00a0<\/p><p><strong>Painel superior de E\/S:<\/strong><br \/>2x USB 1.0 AUDIO<\/p><p><strong>Fans inclusas:<\/strong><br \/>3x Fans Rainbow\u00a0de 120mm\u00a0<\/p><p><strong>Dimens\u00f5es:<\/strong><br \/>315x185x410mm\u00a0<\/p><\/div><\/div><\/div>\t\t\t\t\t\t\t\t<\/div>\n\t\t\t\t<\/div>\n\t\t\t\t\t<\/div>\n\t\t<\/div>\n\t\t\t\t\t<\/div>\n\t\t<\/section>\n\t\t\t\t<\/div>\n\t\t","protected":false},"excerpt":{"rendered":"<p>Este gabinete foi projetado com a obsess\u00e3o pelo desempenho, estilo e versatilidade em mente. N\u00e3o se trata apenas de uma caixa para hardware; \u00e9 o seu portal para o universo gamer. O Gamer Matrix \u00e9 uma obra de arte em si, com pain\u00e9is frontal e lateral esquerdo de vidro que mostram o seu interior. Os 3 cooler fans Rainbow inclu\u00eddos n\u00e3o apenas mant\u00eam a temperatura baixa, mas tamb\u00e9m d\u00e3o vida ao seu sistema com efeitos de ilumina\u00e7\u00e3o espetaculares, controlados com facilidade pelo bot\u00e3o no painel superior.<\/p>\n","protected":false},"featured_media":2191,"comment_status":"open","ping_status":"closed","template":"","meta":{"_joinchat":[]},"etheme_brands":[],"product_brand":[],"product_cat":[21],"product_tag":[],"class_list":{"0":"post-2189","1":"product","2":"type-product","3":"status-publish","4":"has-post-thumbnail","6":"product_cat-gabinete-gamer","8":"first","9":"instock","10":"sold-individually","11":"shipping-taxable","12":"product-type-simple"},"_links":{"self":[{"href":"https:\/\/blackrook.com.br\/loja\/wp-json\/wp\/v2\/product\/2189","targetHints":{"allow":["GET"]}}],"collection":[{"href":"https:\/\/blackrook.com.br\/loja\/wp-json\/wp\/v2\/product"}],"about":[{"href":"https:\/\/blackrook.com.br\/loja\/wp-json\/wp\/v2\/types\/product"}],"replies":[{"embeddable":true,"href":"https:\/\/blackrook.com.br\/loja\/wp-json\/wp\/v2\/comments?post=2189"}],"version-history":[{"count":6,"href":"https:\/\/blackrook.com.br\/loja\/wp-json\/wp\/v2\/product\/2189\/revisions"}],"predecessor-version":[{"id":2572,"href":"https:\/\/blackrook.com.br\/loja\/wp-json\/wp\/v2\/product\/2189\/revisions\/2572"}],"wp:featuredmedia":[{"embeddable":true,"href":"https:\/\/blackrook.com.br\/loja\/wp-json\/wp\/v2\/media\/2191"}],"wp:attachment":[{"href":"https:\/\/blackrook.com.br\/loja\/wp-json\/wp\/v2\/media?parent=2189"}],"wp:term":[{"taxonomy":"brand","embeddable":true,"href":"https:\/\/blackrook.com.br\/loja\/wp-json\/wp\/v2\/etheme_brands?post=2189"},{"taxonomy":"product_brand","embeddable":true,"href":"https:\/\/blackrook.com.br\/loja\/wp-json\/wp\/v2\/product_brand?post=2189"},{"taxonomy":"product_cat","embeddable":true,"href":"https:\/\/blackrook.com.br\/loja\/wp-json\/wp\/v2\/product_cat?post=2189"},{"taxonomy":"product_tag","embeddable":true,"href":"https:\/\/blackrook.com.br\/loja\/wp-json\/wp\/v2\/product_tag?post=2189"}],"curies":[{"name":"wp","href":"https:\/\/api.w.org\/{rel}","templated":true}]}}